f 18064?
False
Is 6374 a multiple of 50?
False
Does 8 divide 16088?
True
Is 68 a multiple of 2?
True
Does 7 divide 8078?
True
Is 49 a factor of 17983?
True
Does 22 divide 638?
True
Is 29 a factor of 435?
True
Is 758 a multiple of 30?
False
Is 21 a factor of 8132?
False
Is 272 a multiple of 16?
True
Does 3 divide 167?
False
Is 2790 a multiple of 15?
True
Is 644 a multiple of 28?
True
Is 14 a factor of 799?
False
Is 442 a multiple of 26?
True
Is 18 a factor of 9419?
False
Does 40 divide 960?
True
Does 14 divide 585?
False
Is 7 a factor of 8?
False
Is 4 a factor of 276?
True
Is 130 a factor of 26851?
False
Is 21 a factor of 2142?
True
Is 40 a factor of 2252?
False
Is 1226 a multiple of 3?
False
Is 1917 a multiple of 3?
True
Is 61 a factor of 68554?
False
Is 304 a multiple of 27?
False
Is 919 a multiple of 14?
False
Is 37 a multiple of 10?
False
Does 16 divide 1024?
True
Does 42 divide 28770?
True
Is 193 a multiple of 2?
False
Is 1116 a multiple of 31?
True
Is 758 a multiple of 4?
False
Is 16 a factor of 3408?
True
Is 21542 a multiple of 77?
False
Does 182 divide 13399?
False
Is 14 a factor of 4732?
True
Is 5 a factor of 365?
True
Is 6841 a multiple of 102?
False
Is 10 a factor of 9971?
False
Is 62352 a multiple of 16?
True
Does 25 divide 9600?
True
Does 22 divide 25861?
False
Is 48 a factor of 83526?
False
Does 3 divide 18004?
False
Is 40 a multiple of 5?
True
Does 120 divide 2343?
False
Is 11 a factor of 106?
False
Does 29 divide 11716?
True
Is 8 a factor of 1181?
False
Does 6 divide 139?
False
Is 29 a factor of 4930?
True
Is 4993 a multiple of 8?
False
Is 7 a multiple of 2?
False
Is 2253 a multiple of 61?
False
Is 66 a factor of 23081?
False
Does 11 divide 22077?
True
Does 69 divide 759?
True
Is 1132 a multiple of 30?
False
Is 6 a factor of 4453?
False
Is 34 a factor of 3230?
True
Is 22646 a multiple of 67?
True
Is 23 a factor of 24909?
True
Does 12 divide 40?
False
Does 47 divide 16027?
True
Is 9886 a multiple of 41?
False
Is 605 a multiple of 22?
False
Is 9 a factor of 702?
True
Is 52 a factor of 627?
False
Is 70 a factor of 8347?
False
Does 13 divide 3006?
False
Does 6 divide 14?
False
Is 7 a factor of 19320?
True
Is 38 a factor of 988?
True
Does 18 divide 3290?
False
Is 2873 a multiple of 169?
True
Is 3676 a multiple of 6?
False
Does 48 divide 58769?
False
Is 56602 a multiple of 91?
True
Is 18198 a multiple of 28?
False
Does 10 divide 106686?
False
Does 207 divide 20700?
True
Is 163 a factor of 9337?
False
Is 53 a factor of 24115?
True
Is 687 a multiple of 13?
False
Is 24 a factor of 24?
True
Is 24 a factor of 744?
True
Does 111 divide 56721?
True
Is 35 a factor of 1229?
False
Does 49 divide 5213?
False
Is 53 a factor of 97?
False
Is 2 a factor of 2216?
True
Does 54 divide 71870?
False
Does 7 divide 28?
True
Is 21 a factor of 49?
False
Is 22 a factor of 308?
True
Is 5289 a multiple of 68?
False
Does 4 divide 7400?
True
Is 56052 a multiple of 36?
True
Is 36820 a multiple of 321?
False
Does 6 divide 7656?
True
Does 24 divide 8904?
True
Does 6 divide 624?
True
Is 56 a factor of 5318?
False
Is 20 a factor of 2817?
False
Does 36 divide 786?
False
Is 7 a factor of 7266?
True
Is 11869 a multiple of 12?
False
Does 15 divide 13770?
True
Is 5 a factor of 16155?
True
Is 3 a factor of 133?
False
Is 58 a factor of 2668?
True
Is 213 a multiple of 60?
False
Does 14 divide 10715?
False
Does 142 divide 78642?
False
Is 114 a factor of 15321?
False
Is 40 a factor of 1026?
False
Does 13 divide 15469?
False
Is 4752 a multiple of 24?
True
Does 14 divide 1008?
True
Is 5347 a multiple of 46?
False
Is 16 a factor of 2720?
True
Is 31152 a multiple of 22?
True
Is 52 a factor of 23286?
False
Is 18 a factor of 131?
False
Does 16 divide 5254?
False
Is 21 a factor of 4431?
True
Does 4 divide 92?
True
Does 9 divide 846?
True
Is 3 a factor of 3234?
True
Is 5 a factor of 6068?
False
Is 6 a factor of 684?
True
Is 12640 a multiple of 40?
True
Does 32 divide 224?
True
Is 62 a factor of 356?
False
Is 3597 a multiple of 14?
False
Is 108991 a multiple of 39?
False
Does 68 divide 748?
True
Is 42642 a multiple of 206?
True
Does 15 divide 8400?
True
Is 22 a factor of 3896?
False
Is 18 a factor of 506?
False
Is 9 a factor of 432?
True
Does 52 divide 7217?
False
Does 39 divide 7655?
False
Is 9 a factor of 1080?
True
Does 2 divide 32371?
False
Is 490 a multiple of 19?
False
Is 5 a factor of 271?
False
Does 39 divide 16575?
True
Does 81 divide 3402?
True
Is 294 a multiple of 42?
True
Is 2108 a multiple of 31?
True
Is 135 a factor of 1339?
False
Is 2170 a multiple of 3?
False
Does 14 divide 2016?
True
Does 8 divide 103?
False
Does 9 divide 8872?
False
Is 29388 a multiple of 186?
True
Does 6 divide 486?
True
Is 16355 a multiple of 139?
False
Is 4551 a multiple of 123?
True
Does 25 divide 38710?
False
Does 35 divide 6055?
True
Does 18 divide 2412?
True
Is 11 a factor of 11?
True
Is 17 a factor of 8347?
True
Does 69 divide 3312?
True
Does 19 divide 10464?
False
Is 6 a factor of 35264?
False
Is 1288 a multiple of 92?
True
Is 843 a multiple of 46?
False
Is 156 a multiple of 26?
True
Is 477 a multiple of 18?
False
Does 4 divide 188?
True
Does 32 divide 672?
True
Does 36 divide 3028?
False
Is 13 a factor of 4000?
False
Does 3 divide 2961?
True
Does 43 divide 6536?
True
Does 10 divide 5912?
False
Is 20046 a multiple of 13?
True
Does 15 divide 3161?
False
Does 18 divide 10436?
False
Is 19761 a multiple of 138?
False
Does 8 divide 32825?
False
Does 25 divide 2985?
False
Is 1204 a multiple of 4?
True
Is 2322 a multiple of 129?
True
Does 112 divide 26664?
False
Is 6 a factor of 82?
False
Does 67 divide 387?
False
Does 3 divide 46?
False
Is 22 a factor of 704?
True
Is 15 a factor of 32703?
False
Does 103 divide 6901?
True
Is 2 a factor of 523?
False
Does 105 divide 210?
True
Is 4235 a multiple of 2?
False
Is 48 a factor of 64069?
False
Is 21088 a multiple of 20?
False
Does 162 divide 29646?
True
Is 69 a factor of 77073?
True
Does 101 divide 8608?
False
Is 408 a multiple of 12?
True
Does 58 divide 17110?
True
Is 245 a factor of 135730?
True
Is 6720 a multiple of 8?
True
Is 33 a factor of 36986?
False
Does 45 divide 12960?
True
Is 297 a multiple of 9?
True
Is 13 a factor of 5030?
False
Does 56 divide 4088?
True
Is 28 a factor of 14022?
False
Is 66 a factor of 12105?
False
Is 13 a factor of 7046?
True
Is 13 a factor of 2812?
False
Is 11922 a multiple of 34?
False
Does 51 divide 18105?
True
Is 15 a factor of 210?
True
Does 6 divide 1714?
False
Is 10 a factor of 2250?
True
Is 48 a factor of 5409?
False
Is 46 a multiple of 46?
True
Is 79 a factor of 11152?
False
Is 93 a factor of 38409?
True
Does 2 divide 1327?
False
Is 1128 a multiple of 2?
True
Does 17 divide 9327?
False
Does 83 divide 25979?
True
Is 9 a factor of 643?
False
Is 5 a factor of 7636?
False
Is 5 a factor of 310?
True
Is 3494 a multiple of 44?
False
Is 515 a multiple of 27?
False
Is 83 a multiple of 7?
False
Is 23 a factor of 6685?
False
Is 5720 a multiple of 20?
True
Does 8 divide 23140?
False
Does 94 divide 752?
True
Is 14 a factor of 416?
False
Is 2 a factor of 9323?
False
Is 34302 a multiple of 10?
False
Is 1808 a multiple of 37?
False
Is 3466 a multiple of 41?
False
Is 12 a factor of 526?
False
Does 42 divide 16632?
True
Is 2376 a multiple of 6?
True
Is 20666 a multiple of 35?
False
Is 8 a factor of 213?
False
Is 54 a factor of 857?
False
Is 9903 a multiple of 44?
False
Does 38 divide 44460?
True
Does 18 divide 162?
True
Does 9 divide 573?
False
Is 928 a multiple of 29?
True
Is 15 a factor of 17333?
False
Is 3720 a multiple of 16?
False
Is 2256 a multiple of 18?
False
Is 43 a factor of 3569?
True
Is 312 a multiple of 17?
False
Is 8 a factor of 104?
True
Is 5264 a multiple of 14?
True
Is 4 a factor of 2692?
True
Is 192 a multiple of 4?
True
Is 1365 a multiple of 7?
True
Is 1833 a multiple of 6?
False
Does 60 divide 10895?
False
Is 258 a factor of 55986?
True
Is 8 a factor of 1599?
False
Is 72 a multiple of 18?
True
Is 106 a factor of 1244?
False
Is 2047 a multiple of 16?
False
Is 13 a factor of 14833?
True
Does 2 divide 7420?
True
Does 36 divide 1239?
False
Is 6823 a multiple of 22?
False
Is 64 a factor of 4343?
False
Does 3 divide 65?
False
Is 33 a factor of 17919?
True
Is 12 a factor of 269?
False
Is 170 a multiple of 17?
True
Is 2